38?
True
Does 27 divide 5344974?
True
Is 33 a factor of 73165523?
False
Does 42 divide 57426726?
True
Does 54 divide 2735532?
True
Does 2109 divide 1745345130?
True
Is 80 a factor of 43791887?
False
Is 611 a factor of 1641757?
True
Is 2787302 a multiple of 83?
False
Is 601 a factor of 16393081?
False
Is 2672 a factor of 118078352?
True
Does 34 divide 819513458?
True
Is 54717953 a multiple of 1936?
False
Is 72 a factor of 240587304?
False
Does 416 divide 40707264?
True
Is 6 a factor of 47289440?
False
Does 70 divide 22070797?
False
Is 347 a factor of 363663634?
True
Is 6 a factor of 241591213?
False
Is 349 a factor of 80769768?
True
Is 20306780 a multiple of 26?
True
Is 509111808 a multiple of 192?
True
Is 158 a factor of 952085419?
False
Is 2 a factor of 48010701?
False
Does 175 divide 22842002?
False
Is 64 a factor of 663224286?
False
Is 3979 a factor of 29428684?
True
Is 6 a factor of 9355094?
False
Does 112 divide 980155589?
False
Is 22 a factor of 113945546?
True
Is 7248423 a multiple of 4?
False
Does 1816 divide 34956965?
False
Is 212628101 a multiple of 343?
True
Is 39 a factor of 658164248?
False
Does 83 divide 6247015?
False
Is 42 a factor of 514723210?
False
Is 28509033 a multiple of 17?
False
Is 112756575 a multiple of 2816?
False
Is 5374 a factor of 968828104?
False
Is 15305815 a multiple of 107?
True
Does 24 divide 127811528?
False
Does 10 divide 161265300?
True
Is 469785400 a multiple of 40?
True
Does 124 divide 4250506136?
False
Is 24 a factor of 8351121?
False
Does 487 divide 59919019?
True
Is 728 a factor of 673295090?
False
Is 465581700 a multiple of 1805?
True
Is 3728222736 a multiple of 59?
False
Is 133 a factor of 161675731?
True
Is 2937927245 a multiple of 3707?
True
Is 763 a factor of 124436064?
False
Is 1518515124 a multiple of 889?
True
Is 68146505 a multiple of 7?
True
Is 2464980782 a multiple of 78?
False
Is 12513170 a multiple of 1901?
False
Is 2727358464 a multiple of 12?
True
Is 2 a factor of 11580232?
True
Does 27 divide 55618326?
True
Does 64 divide 60161372?
False
Is 24 a factor of 1762133232?
True
Is 299417979 a multiple of 4071?
True
Is 1666 a factor of 959081214?
True
Is 38 a factor of 15948752?
True
Does 1423 divide 545992293?
True
Does 150 divide 345883050?
True
Is 40330275 a multiple of 163?
True
Is 163 a factor of 108264682?
False
Is 1048 a factor of 392538819?
False
Is 34514900 a multiple of 350?
True
Does 51 divide 4855151032?
False
Is 2 a factor of 35831812?
True
Is 1722 a factor of 3062651046?
True
Is 1492 a factor of 62824238?
False
Is 18442566 a multiple of 32?
False
Is 106 a factor of 58384270?
True
Is 42462165 a multiple of 4036?
False
Is 54572618 a multiple of 4?
False
Is 3434 a factor of 1091338115?
False
Is 4 a factor of 4414042?
False
Is 118 a factor of 57295018?
True
Is 50 a factor of 49549922?
False
Does 6764 divide 2016656088?
False
Does 272 divide 2746928?
True
Does 15 divide 1956850062?
False
Is 115938134 a multiple of 13?
True
Is 75491130 a multiple of 286?
True
Does 49 divide 36749467?
False
Does 6 divide 758449794?
True
Is 2040 a factor of 470776920?
True
Is 3 a factor of 1225086?
True
Does 211 divide 22662033?
True
Is 7365365 a multiple of 2?
False
Does 20 divide 32149780?
True
Is 1717864241 a multiple of 3337?
True
Does 11 divide 1153353961?
False
Does 93 divide 3816999?
True
Is 50507464 a multiple of 171?
False
Is 604590339 a multiple of 36?
False
Does 9 divide 14240167?
False
Does 5 divide 47866591?
False
Does 13 divide 174020119?
True
Is 1371 a factor of 792407731?
False
Does 3 divide 4175593?
False
Does 380 divide 685700120?
True
Is 2223 a factor of 399644271?
True
Is 47461867 a multiple of 507?
False
Does 254 divide 3024458?
False
Does 277 divide 412911399?
False
Is 4 a factor of 14206585?
False
Does 75 divide 209732111?
False
Is 1118 a factor of 108599062?
False
Is 1156825129 a multiple of 8?
False
Is 23682025 a multiple of 11?
False
Is 83735359 a multiple of 433?
False
Is 793023912 a multiple of 278?
True
Does 3591 divide 1156393808?
False
Does 1043 divide 10567741?
False
Is 10 a factor of 54687410?
True
Does 48 divide 454643232?
True
Is 138739024 a multiple of 13?
False
Is 255166815 a multiple of 12?
False
Is 278 a factor of 17987434?
True
Is 504354060 a multiple of 90?
True
Is 413340 a multiple of 2490?
True
Is 508230 a multiple of 5?
True
Does 7 divide 140953624?
True
Is 14758830 a multiple of 15?
True
Does 101 divide 1404881038?
False
Is 38615823 a multiple of 106?
False
Does 69 divide 4243691?
False
Does 19 divide 251327592?
True
Is 4571500 a multiple of 11?
False
Is 282499946 a multiple of 18?
False
Is 16 a factor of 186780177?
False
Is 6031 a factor of 876593788?
True
Is 171274575 a multiple of 14?
False
Is 3107 a factor of 411824952?
False
Is 7 a factor of 6947507?
True
Is 583 a factor of 49734146?
False
Does 3225 divide 1310901901?
False
Is 14316 a factor of 7103613516?
True
Is 8 a factor of 461195224?
True
Does 2718 divide 86962410?
True
Does 21 divide 378033350?
False
Is 4408 a factor of 2279182848?
True
Is 141999633 a multiple of 300?
False
Is 8 a factor of 458968888?
True
Does 13 divide 48529767?
True
Does 22 divide 561603614?
True
Is 129048814 a multiple of 3970?
False
Is 300086225 a multiple of 25?
True
Does 913 divide 299949460?
False
Is 62712822 a multiple of 58?
False
Is 1390113 a multiple of 2?
False
Does 12 divide 31808014?
False
Does 751 divide 107362931?
False
Is 123634896 a multiple of 44?
True
Is 87 a factor of 329289954?
True
Does 230 divide 54443877?
False
Is 59 a factor of 499285435?
True
Is 2003858272 a multiple of 3418?
False
Does 48 divide 239334260?
False
Is 300930257 a multiple of 665?
False
Is 294502 a multiple of 36?
False
Is 20 a factor of 2386034020?
True
Does 24 divide 127924536?
True
Is 321031690 a multiple of 14?
True
Is 33 a factor of 36607882?
False
Does 21 divide 1342901312?
False
Does 11 divide 34503959?
False
Is 3 a factor of 11815566?
True
Is 235024720 a multiple of 262?
False
Does 202 divide 8661356?
True
Does 681 divide 214637580?
True
Is 1368652806 a multiple of 18?
True
Is 357065352 a multiple of 28?
True
Is 22260708 a multiple of 86?
False
Is 5553 a factor of 839258208?
True
Is 176 a factor of 817657984?
True
Does 3230 divide 124409910?
True
Is 223692525 a multiple of 25?
True
Is 671 a factor of 131774335?
True
Does 21 divide 275710617?
True
Does 39 divide 8137592?
False
Is 168533274 a multiple of 91?
True
Is 130378831 a multiple of 70?
False
Is 27 a factor of 855897597?
True
Is 188 a factor of 5205506808?
True
Is 2730 a factor of 1125940928?
False
Is 8 a factor of 134546984?
True
Is 93 a factor of 4221735?
True
Is 985497472 a multiple of 8?
True
Does 36 divide 72779976?
True
Does 3593 divide 926685002?
True
Is 2932 a factor of 474488033?
False
Is 14 a factor of 611191634?
False
Is 9 a factor of 866931183?
True
Is 19314427 a multiple of 35?
False
Is 153 a factor of 725223825?
True
Is 271254121 a multiple of 33?
False
Is 5 a factor of 308280?
True
Is 6581 a factor of 658093419?
True
Is 161701068 a multiple of 2298?
True
Is 5956841 a multiple of 311?
False
Is 2297764 a multiple of 4193?
True
Is 5924094 a multiple of 145?
False
Is 896685626 a multiple of 336?
False
Does 372 divide 473986152?
False
Does 2509 divide 287629251?
True
Is 250 a factor of 2199440?
False
Is 108142979 a multiple of 1143?
False
Does 40 divide 432348?
False
Is 14 a factor of 197605954?
True
Does 95 divide 8287135?
True
Does 915 divide 30275520?
True
Is 1407718 a multiple of 2?
True
Does 679 divide 1431281075?
True
Does 3 divide 170315776?
False
Is 90361170 a multiple of 16?
False
Is 11 a factor of 281840922?
True
Does 6 divide 1591524?
True
Is 352 a factor of 29597568?
True
Is 89942872 a multiple of 546?
False
Does 126 divide 1639260?
True
Is 12062264 a multiple of 76?
True
Is 34 a factor of 441195186?
True
Is 2662998042 a multiple of 3742?
True
Is 761 a factor of 21304195?
True
Is 19 a factor of 304857185?
True
Does 265 divide 36781735?
True
Is 974542832 a multiple of 2523?
False
Is 26 a factor of 16140669?
False
Does 158 divide 50742174?
True
Is 20 a factor of 48627200?
True
Is 14551961 a multiple of 112?
False
Is 98 a factor of 81359404?
True
Is 34587898 a multiple of 8?
False
Does 11 divide 92757452?
False
Is 213547886 a multiple of 2826?
False
Is 3